{"id":17,"date":"2017-01-17T12:42:39","date_gmt":"2017-01-17T12:42:39","guid":{"rendered":"http:\/\/www.salustetic.es\/wp\/?page_id=17"},"modified":"2025-12-21T20:11:24","modified_gmt":"2025-12-21T19:11:24","slug":"nosotros","status":"publish","type":"page","link":"https:\/\/www.salustetic.es\/?page_id=17","title":{"rendered":"Nosotros"},"content":{"rendered":"<p><section class=\"fw-main-row\" style=\"\">\r\n\t<div class=\"fw-container-fluid disable-padding\">\r\n\t\t<div class=\"fw-row\">\n\t\t<div class=\"fw-col-xs-12\" style=\"\">\r\n\t\t\r\n\r\r\n\r\n\r\r\n<!-- Banner block -->\r\r\n<div class=\"banner banner-block-69f62b4369490  fixed-height fw-main-row\">\r\r\n\t\r\n\t<div class=\"item tal\" style=\"height:500px;\" data-parallax=\"scroll\" data-image-src=\"\/\/www.salustetic.es\/wp-content\/uploads\/2018\/05\/contacto.jpg\">\r\r\n\t\t<div class=\"centered-container fw-container\">\r\r\n\t\t\t<h1 class=\"uppercase\">Conoce  <br> SaluStetic<\/h1>\r\r\n\t\t\t\r\n\t\t\t<p>EL PORTAL DE MEDICINA EST\u00c9TICA Y<br>CIRUG\u00cdA PL\u00c1STICA DE BARCELONA<\/p>\r\r\n\t\t\t\r\n\t\t<\/div>\r\r\n\t<\/div>\r\r\n\t\r\n<\/div>\r\r\n<!-- END Banner block -->\t\t<\/div>\r\n<\/div>\n\n\t<\/div>\r\n<\/section>\r\n<section class=\"fw-main-row\" style=\"padding-top:35px;padding-bottom:35px;&quot;\">\r\n\t<div class=\"fw-container\">\r\n\t\t<div class=\"fw-row\">\n\t\t<div class=\"fw-col-xs-12\" style=\"\">\r\n\t\t\r\n\r\n<div class=\"heading-decor line tac uppercase\"  style=''>\r\n\t\t<h3>\u00bf Por qu\u00e9 elegir SaluStetic ?<\/h3>\r\n<\/div>\t\t<div class=\"fw-row\">\r\n\t\t\t\t<div class=\"icon-box2 fw-col-xs-12 fw-col-sm-6 fw-col-md-4 fw-col-lg-4 \">\r\n\t\t\t\t\t\t<i class=\"iconfont-checked-3\"><\/i>\r\n\t\t\t\t\t\t<div class=\"name\">PROFESIONALIDAD<\/div>\r\n\t\t\t\t\t\t<p>Trabajamos con los mejores productos y proveedores sanitarios, porque creemos que es imprescindible para nuestros pacientes que tengan la garant\u00eda de calidad y seriedad que para nosotros implica su salud.<\/p>\r\n\t\t\t\t\t<\/div>\r\n\t\t\t\t<div class=\"icon-box2 fw-col-xs-12 fw-col-sm-6 fw-col-md-4 fw-col-lg-4 \">\r\n\t\t\t\t\t\t<i class=\"iconfont-ambulance\"><\/i>\r\n\t\t\t\t\t\t<div class=\"name\">PORTAL SANITARIO<\/div>\r\n\t\t\t\t\t\t<p>SaluStetic es un portal estrictamente m\u00e9dico: en nuestra web encontrar\u00e1s todos los tratamientos explicados ampliamente, no en \u201ccuatro l\u00edneas\u201d.<\/p>\r\n\t\t\t\t\t<\/div>\r\n\t\t\t\t<div class=\"icon-box2 fw-col-xs-12 fw-col-sm-6 fw-col-md-4 fw-col-lg-4 \">\r\n\t\t\t\t\t\t<i class=\"iconfont-file\"><\/i>\r\n\t\t\t\t\t\t<div class=\"name\">INTEGRACI\u00d3N<\/div>\r\n\t\t\t\t\t\t<p>Estamos integrados en un centro multidisciplinar (Centro M\u00e9dico Asinsa registro sanitario E08050763) con m\u00e1s de 20 a\u00f1os de referencia de ejercicio de la medicina .\u00a1No acabamos de empezar!<\/p>\r\n\t\t\t\t\t<\/div>\r\n\t\t\t\t<div class=\"icon-box2 fw-col-xs-12 fw-col-sm-6 fw-col-md-4 fw-col-lg-4 \">\r\n\t\t\t\t\t\t<i class=\"iconfont-light-bulb\"><\/i>\r\n\t\t\t\t\t\t<div class=\"name\">PROMOCIONES<\/div>\r\n\t\t\t\t\t\t<p>Trabajamos cada d\u00eda para poderte proponer las ofertas m\u00e1s econ\u00f3micas e interesantes.Nuestra suscripci\u00f3n a la promoci\u00f3n es  totalmente gratuita<\/p>\r\n\t\t\t\t\t<\/div>\r\n\t\t\t\t<div class=\"icon-box2 fw-col-xs-12 fw-col-sm-6 fw-col-md-4 fw-col-lg-4 \">\r\n\t\t\t\t\t\t<i class=\"iconfont-remove-1\"><\/i>\r\n\t\t\t\t\t\t<div class=\"name\">SIN INTERMEDIARIOS<\/div>\r\n\t\t\t\t\t\t<p>Con SaluStetic no tendr\u00e1s \u201cintermediarios\u201d: te podr\u00e1s informar siendo atendida\/o personalmente por el mismo especialista que te realizar\u00e1 el tratamiento.<\/p>\r\n\t\t\t\t\t<\/div>\r\n\t\t\t\t<div class=\"icon-box2 fw-col-xs-12 fw-col-sm-6 fw-col-md-4 fw-col-lg-4 \">\r\n\t\t\t\t\t\t<i class=\"iconfont-happy-1\"><\/i>\r\n\t\t\t\t\t\t<div class=\"name\">SENCILLO<\/div>\r\n\t\t\t\t\t\t<p>3 PASOS: elige la promoci\u00f3n que desees suscribir, rellena el formulario para contactar contigo y acude a la cita gratuita. <\/p>\r\n\t\t\t\t\t<\/div>\r\n\t\t\t<\/div>\r\n\t<\/div>\r\n<\/div>\n\n\t<\/div>\r\n<\/section>\r\n<section class=\"fw-main-row\" style=\"\">\r\n\t<div class=\"fw-container\">\r\n\t\t<div class=\"fw-row\">\n\t\t\r\n\t<!-- Side image -->\r\n\t<div class=\"fw-col-xs-12 fw-col-sm-6\" style=\"\">\r\n\t\t<div class=\"image-decor\"><img width=\"1206\" height=\"1054\" src=\"https:\/\/www.salustetic.es\/wp-content\/uploads\/2018\/05\/nosotros.jpg\" class=\"attachment- size-\" alt=\"\" loading=\"lazy\" srcset=\"https:\/\/www.salustetic.es\/wp-content\/uploads\/2018\/05\/nosotros.jpg 1206w, https:\/\/www.salustetic.es\/wp-content\/uploads\/2018\/05\/nosotros-300x262.jpg 300w, https:\/\/www.salustetic.es\/wp-content\/uploads\/2018\/05\/nosotros-1024x895.jpg 1024w, https:\/\/www.salustetic.es\/wp-content\/uploads\/2018\/05\/nosotros-600x524.jpg 600w, https:\/\/www.salustetic.es\/wp-content\/uploads\/2018\/05\/nosotros-600x524@2x.jpg 1200w\" sizes=\"(max-width: 1206px) 100vw, 1206px\" \/><\/div>\r\n\t<\/div>\r\n\t<!-- END Side image -->\r\n\t<div class=\"fw-col-xs-12 fw-col-sm-6\" style=\"\">\r\n\t\t\r\n\r\n<div class=\"heading-decor uppercase\"  style=''>\r\n\t\t<h2>Nuestros<br>Precios<\/h2>\r\n<\/div><div class=\"p-text\" style=\"margin-top:20px;margin-bottom:20px;\">\r\n\t<p style=\"text-align: justify;\"><span style=\"font-size: 12pt;\">En SaluStetic ofrecemos promociones a mejores precios pero <strong>SIN BAJAR LA CALIDAD<\/strong> del servicio o de los tratamientos. Conseguimos ofrecerte estas promociones mediante:<\/span><\/p><ul><li style=\"text-align: justify;\"><span style=\"font-size: 12pt;\">mejores precios con los distribuidores de material m\u00e9dico y quir\u00fargico<\/span><\/li><li><span style=\"font-size: 12pt;\">mejores precios con Cl\u00ednicas<\/span><\/li><li><span style=\"font-size: 12pt;\">Eliminamos intermediarios.<\/span><\/li><li><span style=\"font-size: 12pt;\">El trato es directamente con el profesional<\/span><\/li><li><span style=\"font-size: 12pt;\">La suscripci\u00f3n a la promoci\u00f3n es <strong>GRATUITA <\/strong><\/span><\/li><li><span style=\"font-size: 12pt;\">Honorarios de los profesionales acorde a los tiempos actuales.<\/span><\/li><\/ul><\/div>\r\n\t<\/div>\r\n<\/div>\n\n\t<\/div>\r\n<\/section>\r\n<section class=\"fw-main-row\" style=\"\">\r\n\t<div class=\"fw-container-fluid\">\r\n\t\t<div class=\"fw-row\">\n\t\t<div class=\"fw-col-xs-12\" style=\"\">\r\n\t\t\r\n\r\n<div class=\"heading-decor line tac uppercase\"  style=''>\r\n\t\t<h5>conoce nuestros<\/h5>\r\n\t\t<h2>TRATAMIENTOS<\/h2>\r\n<\/div>\r\n\r\r\n<div class=\"fw-row\">\r\r\n\t\r\n\t\t\t<div class=\"category-item dark-bg tar fw-col-xs-12 fw-col-sm-6 fw-col-md-6 fw-col-lg-6 \">\r\r\n\t\t\t\t\r\n\t\t\t\t<a href=\"https:\/\/www.salustetic.es\/tratamientos\/medicina-estetica\/\" style=\"background-image: url(\/\/www.salustetic.es\/wp-content\/uploads\/2018\/07\/ttosEstetica.jpg);\"><span>Medicina Est\u00e9tica<\/span><\/a>\r\r\n\t\t\t\t\r\n\t\t\t<\/div>\r\r\n\t\t\r\n\t\t\t<div class=\"category-item dark-bg tar fw-col-xs-12 fw-col-sm-6 fw-col-md-6 fw-col-lg-6 \">\r\r\n\t\t\t\t\r\n\t\t\t\t<a href=\"https:\/\/www.salustetic.es\/tratamientos\/cirugia-plastica\/\" style=\"background-image: url(\/\/www.salustetic.es\/wp-content\/uploads\/2018\/07\/ttosplastica.jpg);\"><span>Cirug\u00eda Pl\u00e1stica<\/span><\/a>\r\r\n\t\t\t\t\r\n\t\t\t<\/div>\r\r\n\t\t\r\n\t\r\n<\/div>\r\r\n\t<\/div>\r\n<\/div>\n\n\t<\/div>\r\n<\/section>\r\n<section class=\"fw-main-row\" style=\"background-color:#fafafa;padding-top:35px;padding-bottom:45px;&quot;\">\r\n\t<div class=\"fw-container\">\r\n\t\t<div class=\"fw-row\">\n\t\t<div class=\"fw-col-xs-12\" style=\"\">\r\n\t\t\r\n\r\n<div class=\"heading-decor line tac uppercase\"  style=''>\r\n\t\t<h5>conoce nuestras<\/h5>\r\n\t\t<h2>PROMOCIONES<\/h2>\r\n<\/div>\r\n\r\r\n<div class=\"fw-row\">\r\r\n\t\r\n\t\t\t<div class=\"category-item dark-bg tar fw-col-xs-12 fw-col-sm-6 fw-col-md-6 fw-col-lg-6 \">\r\r\n\t\t\t\t\r\n\t\t\t\t<a href=\"https:\/\/www.salustetic.es\/en-construccion\/\" style=\"background-image: url(\/\/www.salustetic.es\/wp-content\/uploads\/2018\/07\/promosCPL.jpg);\"><span>Cirug\u00eda Pl\u00e1stica<\/span><\/a>\r\r\n\t\t\t\t\r\n\t\t\t<\/div>\r\r\n\t\t\r\n\t\t\t<div class=\"category-item dark-bg tar fw-col-xs-12 fw-col-sm-6 fw-col-md-6 fw-col-lg-6 \">\r\r\n\t\t\t\t\r\n\t\t\t\t<a href=\"https:\/\/www.salustetic.es\/promociones\/medicina-estetica\/\" style=\"background-image: url(\/\/www.salustetic.es\/wp-content\/uploads\/2018\/07\/promosME-2.jpg);\"><span>Medicina Est\u00e9tica<\/span><\/a>\r\r\n\t\t\t\t\r\n\t\t\t<\/div>\r\r\n\t\t\r\n\t\r\n<\/div>\r\r\n\t<\/div>\r\n<\/div>\n\n\t<\/div>\r\n<\/section>\r\n<section class=\"fw-main-row\" style=\"\">\r\n\t<div class=\"fw-container disable-padding\">\r\n\t\t<div class=\"fw-row\">\n\t\t<div class=\"fw-col-xs-12\" style=\"\">\r\n\t\t\r\n\r\n<div class=\"heading-decor line tac uppercase\"  style=''>\r\n\t\t<h5>nuestros m\u00e9dicos<\/h5>\r\n\t\t<h2>equipo<\/h2>\r\n<\/div>\r\n<div class=\"fw-row\">\r\r\n\r\n\t\r\n\t\r\n\t\t<div class=\"team-item fw-col-xs-12 fw-col-sm-6 fw-col-md-6 fw-col-lg-6 \" style=\"background-image: url(\/\/www.salustetic.es\/wp-content\/uploads\/2025\/04\/VictorHaro-1-e1744731602490.jpg);\">\r\r\n\t\t\t<div class=\"centered-container\">\r\r\n\t\t\t\t<div>\r\r\n\t\t\t\t\t<h3>Dr. Victor Haro<\/h3>\r\r\n\t\t\t\t\t<p>M\u00e9dico Est\u00e9tico<\/p>\r\r\n\t\t\t\t\t\r\n\t\t\t\t\t<div class=\"social-buttons\">\r\r\n\t\t\t\t\t\t\r\n\t\t\t\t\t\t<a href=\"https:\/\/www.salustetic.es\/?page_id=6018#\"><i class=\"iconfont-checked\"><\/i><\/a>\r\r\n\t\t\t\t\t\t\r\n\t\t\t\t\t<\/div>\r\r\n\t\t\t\t\t\r\n\t\t\t\t<\/div>\r\r\n\t\t\t<\/div>\r\r\n\t\t<\/div>\r\r\n\t\t<!-- END Team item -->\r\r\n\t\r\n\r\n\t\r\n\t\r\n\t\t<div class=\"team-item fw-col-xs-12 fw-col-sm-6 \" style=\"background-image: url(\/\/www.salustetic.es\/wp-content\/uploads\/2025\/12\/DianaDelCastillo.jpeg);\">\r\r\n\t\t\t<div class=\"centered-container\">\r\r\n\t\t\t\t<div>\r\r\n\t\t\t\t\t<h3>Dra. Diana Del Castillo<\/h3>\r\r\n\t\t\t\t\t<p>Medicina Est\u00e9tica<\/p>\r\r\n\t\t\t\t\t\r\n\t\t\t\t<\/div>\r\r\n\t\t\t<\/div>\r\r\n\t\t<\/div>\r\r\n\t\t<!-- END Team item -->\r\r\n\t\r\n\r\n<\/div>\n\t<div class=\"fw-divider-space\" style=\"padding-top: 30px;\"><\/div>\n\t<\/div>\r\n<\/div>\n\n\t<\/div>\r\n<\/section>\r\n<section class=\"fw-main-row\" style=\"background-color:#fafafa;&quot;\">\r\n\t<div class=\"fw-container\">\r\n\t\t<div class=\"fw-row\">\n\t\t<div class=\"fw-col-xs-12\" style=\"background-color:#fafafa;\">\r\n\t\t\r\n\r\n<div class=\"heading-decor line tac uppercase\"  style=''>\r\n\t\t<h5>\u00bf quieres saber m\u00e1s ?<\/h5>\r\n\t\t<h3>Contacta con Nosotros<\/h3>\r\n<\/div>\t<p><div role=\"form\" class=\"wpcf7\" id=\"wpcf7-f5-o1\" lang=\"en-US\" dir=\"ltr\">\n<div class=\"screen-reader-response\"><p role=\"status\" aria-live=\"polite\" aria-atomic=\"true\"><\/p> <ul><\/ul><\/div>\n<form action=\"\/index.php?rest_route=%2Fwp%2Fv2%2Fpages%2F17#wpcf7-f5-o1\" method=\"post\" class=\"wpcf7-form init\" novalidate=\"novalidate\" data-status=\"init\">\n<div style=\"display: none;\">\n<input type=\"hidden\" name=\"_wpcf7\" value=\"5\" \/>\n<input type=\"hidden\" name=\"_wpcf7_version\" value=\"5.3.2\" \/>\n<input type=\"hidden\" name=\"_wpcf7_locale\" value=\"en_US\" \/>\n<input type=\"hidden\" name=\"_wpcf7_unit_tag\" value=\"wpcf7-f5-o1\" \/>\n<input type=\"hidden\" name=\"_wpcf7_container_post\" value=\"0\" \/>\n<input type=\"hidden\" name=\"_wpcf7_posted_data_hash\" value=\"\" \/>\n<input type=\"hidden\" name=\"_wpcf7_recaptcha_response\" value=\"\" \/>\n<\/div>\n<div class=\"fw-row\">\n<div class=\"fw-col-xs-12 fw-col-sm-4\"><span class=\"wpcf7-form-control-wrap text-120\"><input type=\"text\" name=\"text-120\" value=\"\" size=\"40\" class=\"wpcf7-form-control wpcf7-text wpcf7-validates-as-required style1\" aria-required=\"true\" aria-invalid=\"false\" placeholder=\"NOMBRE y APELLIDOS\" \/><\/span><\/div>\n<div class=\"fw-col-xs-12 fw-col-sm-4\"><span class=\"wpcf7-form-control-wrap email-873\"><input type=\"email\" name=\"email-873\" value=\"\" size=\"40\" class=\"wpcf7-form-control wpcf7-text wpcf7-email wpcf7-validates-as-required wpcf7-validates-as-email style1\" aria-required=\"true\" aria-invalid=\"false\" placeholder=\"E-MAIL\" \/><\/span><\/div>\n<div class=\"fw-col-xs-12 fw-col-sm-4\"><span class=\"wpcf7-form-control-wrap tel-494\"><input type=\"tel\" name=\"tel-494\" value=\"\" size=\"40\" class=\"wpcf7-form-control wpcf7-text wpcf7-tel wpcf7-validates-as-required wpcf7-validates-as-tel style1\" aria-required=\"true\" aria-invalid=\"false\" placeholder=\"TEL\u00c9FONO\" \/><\/span><\/div>\n<div class=\"fw-col-xs-12\"><span class=\"wpcf7-form-control-wrap textarea-812\"><textarea name=\"textarea-812\" cols=\"40\" rows=\"5\" class=\"wpcf7-form-control wpcf7-textarea wpcf7-validates-as-required style1\" aria-required=\"true\" aria-invalid=\"false\" placeholder=\"MENSAJE\"><\/textarea><\/span><\/div>\n<div class=\"fw-col-xs-12\" style=\"padding-left: 5px; padding-right: 5px; padding-top: 5px; padding-bottom: 15px;\"><span class=\"wpcf7-form-control-wrap acceptance-40\"><span class=\"wpcf7-form-control wpcf7-acceptance\"><span class=\"wpcf7-list-item\"><input type=\"checkbox\" name=\"acceptance-40\" value=\"1\" aria-invalid=\"false\" \/><\/span><\/span><\/span> Acepto las <a href=\"http:\/\/www.salustetic.es\/politica-de-privacidad\/\" target=\"_blank\">Condiciones de Uso y Pol\u00edtica de Privacidad<\/a><\/div>\n<div class=\"fw-col-xs-12\"><\/div>\n<div class=\"fw-col-xs-12\"><input type=\"submit\" value=\"ENVIAR\" class=\"wpcf7-form-control wpcf7-submit button-style3\" \/><\/div>\n<\/div>\n<p><br\/><\/p>\n<div class=\"wpcf7-response-output\" aria-hidden=\"true\"><\/div><\/form><\/div><\/p>\t<\/div>\r\n<\/div>\n\n\t<\/div>\r\n<\/section>\r\n<section class=\"fw-main-row\" style=\"background-color:#67686d;padding-top:15px;&quot;\">\r\n\t<div class=\"fw-container dark-bg\">\r\n\t\t<div class=\"fw-row\">\n\t\t<div class=\"fw-col-xs-12\" style=\"\">\r\n\t\t\r\n\r\n<div class=\"base tac uppercase\"  style=''>\r\n\t\t<h5>contacto<\/h5>\r\n<\/div>\t\t\r\n\t<div class=\"fw-row\">\r\n\t\t\t\t\t<!-- Icon box style1 -->\r\n\t\t\t<div class=\"icon-box fw-col-xs-12 fw-col-sm-4 \">\r\n\t\t\t\t\t\t\t\t<div class=\"icon\"><i class=\"iconfont-placeholder-2\"><\/i><\/div>\r\n\t\t\t\t\t\t\t\t<p>c \/ Numancia 47-49 ent 1\u00aa,<br>08029, Barcelona<\/p>\r\n\t\t\t\t\t\t\t<\/div>\r\n\t\t\t<!-- END Icon box style1 -->\r\n\t\t\t\t\t<!-- Icon box style1 -->\r\n\t\t\t<div class=\"icon-box fw-col-xs-12 fw-col-sm-4 \">\r\n\t\t\t\t\t\t\t\t<div class=\"icon\"><i class=\"iconfont-mail-5\"><\/i><\/div>\r\n\t\t\t\t\t\t\t\t<p>E-mail :<br>soporte@salustetic.es<\/p>\r\n\t\t\t\t\t\t\t<\/div>\r\n\t\t\t<!-- END Icon box style1 -->\r\n\t\t\t\t\t<!-- Icon box style1 -->\r\n\t\t\t<div class=\"icon-box fw-col-xs-12 fw-col-sm-4 \">\r\n\t\t\t\t\t\t\t\t<div class=\"icon\"><i class=\"iconfont-phone-call-2\"><\/i><\/div>\r\n\t\t\t\t\t\t\t\t<p>Tel: 934 051 788<\/p>\r\n\t\t\t\t\t\t\t<\/div>\r\n\t\t\t<!-- END Icon box style1 -->\r\n\t\t\t<\/div>\r\n\t<\/div>\r\n<\/div>\n\n\t<\/div>\r\n<\/section>\r\n<\/p>\n","protected":false},"excerpt":{"rendered":"<p>Conoce SaluStetic EL PORTAL DE MEDICINA EST\u00c9TICA YCIRUG\u00cdA PL\u00c1STICA DE BARCELONA \u00bf Por qu\u00e9 elegir SaluStetic ? PROFESIONALIDAD Trabajamos con los mejores productos y proveedores sanitarios, porque creemos que es imprescindible para nuestros pacientes que tengan la garant\u00eda de calidad y seriedad que para nosotros implica su salud. PORTAL SANITARIO SaluStetic es un portal estrictamente [&hellip;]<\/p>\n","protected":false},"author":7,"featured_media":0,"parent":0,"menu_order":0,"comment_status":"closed","ping_status":"closed","template":"template-landing.php","meta":[],"acf":[],"_links":{"self":[{"href":"https:\/\/www.salustetic.es\/index.php?rest_route=\/wp\/v2\/pages\/17"}],"collection":[{"href":"https:\/\/www.salustetic.es\/index.php?rest_route=\/wp\/v2\/pages"}],"about":[{"href":"https:\/\/www.salustetic.es\/index.php?rest_route=\/wp\/v2\/types\/page"}],"author":[{"embeddable":true,"href":"https:\/\/www.salustetic.es\/index.php?rest_route=\/wp\/v2\/users\/7"}],"replies":[{"embeddable":true,"href":"https:\/\/www.salustetic.es\/index.php?rest_route=%2Fwp%2Fv2%2Fcomments&post=17"}],"version-history":[{"count":101,"href":"https:\/\/www.salustetic.es\/index.php?rest_route=\/wp\/v2\/pages\/17\/revisions"}],"predecessor-version":[{"id":6091,"href":"https:\/\/www.salustetic.es\/index.php?rest_route=\/wp\/v2\/pages\/17\/revisions\/6091"}],"wp:attachment":[{"href":"https:\/\/www.salustetic.es\/index.php?rest_route=%2Fwp%2Fv2%2Fmedia&parent=17"}],"curies":[{"name":"wp","href":"https:\/\/api.w.org\/{rel}","templated":true}]}}